se 13, what is 69b52 + 13?
69b65
In base 13, what is 25a63 + -3?
25a60
In base 9, what is -610 - -652?
42
In base 6, what is -1145 - 30123?
-31312
In base 6, what is 214 + -4533?
-4315
In base 3, what is 112 + 1021020?
1021202
In base 10, what is -4 + 635167?
635163
In base 10, what is 17 + 1785?
1802
In base 16, what is c600 + 12?
c612
In base 6, what is -40 + -101150?
-101230
In base 11, what is 1a035 - 45?
19aa0
In base 8, what is 4376741 + 1?
4376742
In base 9, what is 478158 - 1?
478157
In base 5, what is -31423141 - 1?
-31423142
In base 7, what is -5 + -334154?
-334162
In base 7, what is 440151 - -161?
440342
In base 5, what is 22340041 + 3?
22340044
In base 14, what is -b6 + -22a?
-302
In base 3, what is -1211 - 1012?
-10000
In base 7, what is 301615 + 5?
301623
In base 2, what is -1000111101101 + 1001?
-1000111100100
In base 11, what is -2a93 - -5?
-2a89
In base 13, what is 15 + -10b3?
-109b
In base 8, what is -6 - 72024?
-72032
In base 15, what is -32dd - -4e?
-328e
In base 4, what is 12300132 + 13?
12300211
In base 8, what is -2 - -66164?
66162
In base 11, what is 3 + -4922?
-491a
In base 2, what is -1110001 - -111110000?
101111111
In base 14, what is -3 + a707?
a704
In base 16, what is 378 - -ad?
425
In base 4, what is 32 - -213032110?
213032202
In base 6, what is 350045 + -5?
350040
In base 3, what is 11120111221 - 11?
11120111210
In base 10, what is 3404 - -11?
3415
In base 13, what is 34c8a + -3?
34c87
In base 6, what is 1200 + -1441?
-241
In base 11, what is 160a - -18?
1627
In base 15, what is -35 - -476?
441
In base 5, what is -331142 - -4?
-331133
In base 15, what is -11d + -7d?
-19b
In base 8, what is 7531 + 415?
10146
In base 3, what is 221 + -202001?
-201010
In base 8, what is -2 + 116446?
116444
In base 9, what is -210711 - -3?
-210707
In base 13, what is 2 - a569c?
-a569a
In base 15, what is -3185 - -3d?
-3147
In base 15, what is 5 + 8c2b?
8c31
In base 3, what is 1010222010 - 112?
1010221121
In base 16, what is -6 - -9bab?
9ba5
In base 2, what is 111001011 - 1000110110100?
-111111101001
In base 8, what is -767172 - 11?
-767203
In base 5, what is -2010 - 311301?
-313311
In base 5, what is -4032 + -21002?
-30034
In base 8, what is 116 - -332?
450
In base 12, what is -20 - -6376?
6356
In base 9, what is 2 - -122416?
122418
In base 8, what is 3 - -10533?
10536
In base 16, what is -4dd8 - 8?
-4de0
In base 7, what is 101535 - 114?
101421
In base 8, what is -752 + -140?
-1112
In base 10, what is -2 - 26580?
-26582
In base 5, what is 13133134 + 4?
13133143
In base 7, what is -633644 - -12?
-633632
In base 5, what is 213400 + -210?
213140
In base 3, what is -2120 - -1002021?
222201
In base 2, what is -10100 - 11100001110010000?
-11100001110100100
In base 12, what is -127 + -263?
-38a
In base 6, what is 154 + 32452?
33050
In base 2, what is 1111110111 - -110100?
10000101011
In base 11, what is 11a197 + 2?
11a199
In base 2, what is 1001001111 - 10011011?
110110100
In base 8, what is 440 - 230?
210
In base 8, what is -411 - -600?
167
In base 14, what is -1acc + 8?
-1ac4
In base 9, what is 172046 + -4?
172042
In base 3, what is 10010 - -10112000?
10122010
In base 15, what is -3a + -1c31?
-1c6b
In base 10, what is 107 - 19?
88
In base 4, what is 31331 - -132?
32123
In base 2, what is 111010101110010 - 10?
111010101110000
In base 15, what is -85 + 6a6?
621
In base 12, what is -b998 - -a1?
-b8b7
In base 3, what is -202022002 + -10?
-202022012
In base 8, what is -1040 - -3316?
2256
In base 2, what is -101 + -101010100101001101001?
-101010100101001101110
In base 10, what is 111418 - 2?
111416
In base 14, what is -708 + -559?
-c63
In base 3, what is -2102102 - -11?
-2102021
In base 6, what is 0 + -1013?
-1013
In base 6, what is -2434 + -53?
-2531
In base 4, what is 10103 - 30031?
-13322
In base 11, what is 612 + -427?
196
In base 6, what is 4424022 + 42?
4424104
In base 7, what is 0 - 1242545?
-1242545
In base 6, what is -30330 - 3?
-30333
In base 9, what is 1 + 18178?
18180
In base 8, what is -654 - -77?
-555
In base 2, what is -111 + -10111110111110110?
-10111110111111101
In base 5, what is 1413241 - 1?
1413240
In base 2, what is -100 - 1001110000111010?
-1001110000111110
In base 11, what is 3a6 - 73a?
-344
In base 16, what is cf - -1ca?
299
In base 14, what is -36 - -66a?
634
In base 3, what is 1121 - 10200?
-2002
In base 6, what is 1433 + -1041?
352
In base 10, what is 5262 + 1?
5263
In base 11, what is 9 + -4890?
-4882
In base 9, what is -524280 + 3?
-524276
In base 14, what is -17777 + -1?
-17778
In base 13, what is 67758 + -8?
67750
In base 11, what is -7432 + 1?
-7431
In base 15, what is 2 - 1b84b?
-1b849
In base 15, what is 3e - -1a29?
1a68
In base 10, what is -10 - -63409?
63399
In base 6, what is 424404 + -5?
424355
In base 10, what is 1214 - 233?
981
In base 7, what is 2 - 103655?
-103653
In base 2, what is -11 + 10100011000111?
10100011000100
In base 4, what is 1131 + 20130?
21321
In base 4, what is -1113110 + -2?
-1113112
In base 8, what is 12 - -3470?
3502
In base 2, what is 100000111111111 + 10?
100001000000001
In base 4, what is 0 + 3313013102?
3313013102
In base 13, what is -2c - -136?
107
In base 12, what is 6a37 + -9?
6a2a
In base 16, what is -eab - 2c?
-ed7
In base 3, what is 1021100201220 - -11?
1021100202001
In base 16, what is -4 + -5692c?
-56930
In base 8, what is 35164 + -6?
35156
In base 13, what is -5433 + -9?
-543c
In base 11, what is -23a0a + 7?
-23a03
In base 8, what is -162 - 130?
-312
In base 5, what is 10 + 131344021?
131344031
In base 9, what is 5 + 117318?
117324
In base 16, what is 16 - 6b5?
-69f
In base 6, what is 2 + 115034?
115040
In base 8, what is 1 + -5053?
-5052
In base 13, what is 208 + 294?
49c
In base 6, what is 144455 + -135?
144320
In base 14, what is 5 + -1861?
-185a
In base 12, what is -23 - 8ab72?
-8ab95
In base 13, what is 158 + -284?
-129
In base 5, what is 21020 - 14343?
1122
In base 4, what is -2 - 230103100?
-230103102
In base 4, what is -201 - -33212?
33011
In base 3, what is -110111120 - 10?
-110111200
In base 8, what is 12642 + 614?
13456
In base 7, what is -3541 + 110?
-3431
In base 7, what is 1354165 - 3?
1354162
In base 6, what is -3222410 - -3?
-3222403
In base 7, what is -163100 + 3?
-163064
In base 12, what is 1b28 - -113?
203b
In base 3, what is -20 + 100100222001?
100100221211
In base 12, what is 133535b - -1?
1335360
In base 16, what is 9 - 2615?
-260c
In base 4, what is -12001302 - 2?
-12001310
In base 14, what is -5 - 276?
-27b
In base 2, what is 110001011 + -1000110?
101000101
In base 7, what is 5166 + -122?
5044
In base 7, what is 2 - -145452?
145454
In base 10, what is -149505 - -5?
-149500
In base 2, what is -11110001 - -110010011011110?
110001111101101
In base 13, what is -45293 - -3?
-45290
In base 12, what is 4 - -299a2?
299a6
In base 9, what is -6 + -38?
-45
In base 16, what is 22 + 3e?
60
In base 11, what is 25 + -295?
-270
In base 10, what is 505 - 2195?
-1690
In base 11, what is -2a77 - 14?
-2a90
In base 2, what is -1000 + 110011?
101011
In base 14, what is -3 + 68783?
68780
In base 4, what is 1133 - 12023103?
-12021310
In base 12, what is 341185 - 3?
341182
In base 3, what is -22010202 + 112212?
-21120220
In base 4, what is 31 - -130?
221
In base 10, what is 2 + -21986?
-21984
In base 7, what is 3115 - -246?
3364
In base 15, what is -3 - -2b75?
2b72
In base 10, what is -1909 + -7?
-1916
In base 16, what is 4 - 2e11?
-2e0d
In base 4, what is -3100 + -31322?
-101022
In base 12, what is -58 - -2329?
2291
In base 7, what is 6 + 6424?
6433
In base 4, what is 3 + -3100121?
-3100112
In base 6, what is -5004 + -131?
-5135
In base 6, what is 5 + -221351?
-221342
In base 4, what is 1220203 + 3?
1220212
In base 9, what is 23510 - 22?
23477
In base 8, what is -3 + 1200562?
1200557
In base 2, what is -10111110 + 1100110?
-1011000
In base 11, what is -8 - -223?
216
In base 9, what is -12 - 728?
-741
In base 5, what is -10 - 1014224?
-1014234
In base 13, what is b6051 - 6?
b6048
In base 14, what is -19 - -8b81?
8b66
In base 2, what is 101 - -1000011000010001100?
1000011000010010001
In base 15, what is 11c - -1644?
1761
In base 13, what is 16109b - -10?
1610ab
In base 7, what is -5 + 5421366?
5421361
In base 15, what is -5e85 + 8?
-5e7c
In base 2, what is 1011010111 - 